0.
-45
Calculate (38 - 53) + (-9 + 11 - -23).
10
Calculate 75 + 2 + 0 + -85.
-8
Evaluate -1 + 15 + (115 - 113) - (-11 + (5 - 3)).
25
Evaluate -16 + 55 + -50 + 3 + -5.
-13
(7 - (-21 + 27)) + (2 - (-12 - -6))
9
What is 1 + -51 + (-30 - -24 - -27)?
-29
(182 - 149) + 18 + -3
48
-22 - (-12 + (22 - -5) + -20)
-17
What is the value of 7 + (9 - 16 - (-5 + 4)) - (-39 + 19)?
21
Calculate -41 + -31 + 85 - ((-6 - -54) + -3).
-32
Evaluate 47 - 11 - (128 + -30 + 14).
-76
What is 30 + (8 - 40) - 18?
-20
Evaluate 13 - (25 - 21) - 77 - 5.
-73
What is (91 + -139 - -116) + -98?
-30
What is (227 + -49 - 105) + 70?
143
Calculate 3 + 11 - (25 + (30 - 66)).
25
What is the value of (15 - 16 - -12) + -6 + (10 - -24)?
39
Evaluate (132 - 10) + (-545 - -454).
31
What is the value of -22 - (38 + -103) - 52?
-9
17 - 9 - ((5 - 26) + -4)
33
Evaluate 172 - (46 - 33 - -132).
27
Calculate 21 + 98 + -11 - 22 - -28.
114
What is 166 - (-16 - (-9 - 118))?
55
(-23 - (-5 - (-1 + -5))) + 493 + -489
-20
Evaluate -1 - (-91 + 96 - (0 - (-21 - 1))).
16
193 + -52 + -127 - (141 + -1)
-126
What is the value of (-44 + (-4 - (-13 - -14)) - -4) + -7?
-52
What is 125 + (-108 - -2 - -125)?
144
What is 115 + -101 - (-1 - (-47 + 1))?
-31
Evaluate 5 - 11 - ((-10 - 0) + -10) - 1.
13
Evaluate 11 + -17 + 32 + -33 - -27.
20
-3 + -11 - -1 - (-59 - -9)
37
-76 - 18 - -65 - -81
52
What is (14 + 20 + -24 - -109) + -30?
89
Evaluate (-9 + -6 - (1 + 4 + -17)) + 8.
5
What is (30 + -52 - (-2 + -19)) + -12?
-13
35 - 46 - (1 + (-61 - (4 - 3)))
50
11 - 2 - ((36 - (-10 + 9)) + -20) - -120
112
Calculate 5 + (-1 - 36) - (157 - 148).
-41
What is 1 + -7 - (-60 + -21 + 133)?
-58
Evaluate 6 + 1 + (9 - (4 + 0 + -5) - -19).
36
What is the value of (-1 + 2 - -101) + 39 + (-188 - -152)?
105
What is (2 - -4 - (0 + -1)) + 160 + (-104 - 73)?
-10
Calculate 37 + -18 + -18 - 26 - -22.
-3
What is the value of 23 - (-12 - (-22 + 8 - 2))?
19
Calculate (-39 + -16 + 35 - -48) + (0 - -3).
31
Calculate 2 + 35 + (-2542 - -2597).
92
What is the value of (-32 - (-42 + 25)) + -58?
-73
Evaluate 950 - 963 - (-16 - 47).
50
Calculate 80 + -180 + -10 + 69.
-41
What is the value of (37 - (25 + 12 - -9)) + -87?
-96
Calculate (-1 - 1) + (1 - 2 - 19) + (-3967 - -3971).
-18
Evaluate -27 + 0 - ((31 - 14) + -10 - 38 - -21).
-17
Calculate -2 + (4 + 1 - (32 - 19)) - (12 + -4).
-18
Calculate (-28 - -15 - 12 - -37) + 4 + -110.
-94
Evaluate -13 + 1 + 6 + (11 + -16 - -9).
-2
What is -3 - 0 - (-48 - (-15 + (27 - 11)))?
46
Evaluate (-190 + 0 - -165) + (-1 - -64).
38
(-1 - 5) + 25 + -101 - -4
-78
Evaluate 3 - 3 - -6 - (-4 + -6 - (10 + -13)).
13
What is 1 - 123 - (317 + -299 + (-10 - -1)) - 12?
-143
What is the value of (-23 - -29 - 3) + 27 - (-2 + (2 - -9))?
21
Evaluate -10 + (2 - 3 - 0) - (-3037 + 2973).
53
What is the value of 4 - (-4 - (32 + -18 - 6))?
16
Evaluate -144 + 123 + (124 - 116).
-13
What is 3 - (-2 + 6) - (-1107 - -1113)?
-7
1176 + -1206 - (-82 - (4 + 0))
56
Calculate 7 - -10 - (-1 + -2 - (19 + -33)) - -20.
26
Evaluate (-24 - 1) + (22 - 65 - -90) + -34.
-12
Calculate (35 - (38 - (1 + -15))) + (1 - -50).
34
What is -509 + 437 - (-46 - 0)?
-26
Calculate 74 - (-11 + (21 - (4 - 16))).
52
Evaluate -21 - (-66 - (58 + -89)).
14
What is the value of (-42 - -45) + -56 - -37?
-16
What is the value of (5 - 19 - -15) + (-35 - (3 - (-2 + 2)))?
-37
What is (-2 - 1) + (-53 - -67) + -37?
-26
What is 183 - 317 - -177 - (1 + 94)?
-52
What is the value of (6931 - 6958) + -1 + 31?
3
Evaluate (20 - (2 + 8) - (-3 + 17) - -13) + 28.
37
What is -24 + 3 - (-2272 + 2314)?
-63
What is 305 + -335 - (-40 + 1)?
9
Calculate (97 - 120) + 12 - 19.
-30
What is 33 + 6 + -32 - (-33 - 0)?
40
-9 + (19 - 21) + -30 + 4
-37
Evaluate -4 + (3 + (-17 - -2) - (11 + 1)).
-28
Calculate 8 + (-50 - -28 - (-74 - -9)).
51
-6 - (-3 + 2 - -2) - (13 + (-15 - -31))
-36
What is the value of (14 - 14 - -2) + 9 - (-2 + 22) - 9?
-18
What is 21 - (-10 - (35 - 21 - (22 - -7)))?
16
Calculate -14 - (30 + -105 - -24).
37
What is -15 - (7 + -16) - 0 - (-31 - 4)?
29
Evaluate (42 - (-18 + 37)) + -30.
-7
What is (3442 - 3462) + 1 + 116?
97
What is 27 - (9 - -10) - ((58 - -4) + 1 + -4)?
-51
10 + -2 + 2 + 54 + -14 + 9 + -5
54
What is the value of (-42 - (-12 - (43 - 43))) + 36?
6
-68 + 27 - (-12 + -62)
33
What is -19 + -2 + (3 - (8 + 13 - 6))?
-33
What is -50 + (-5 - -10 - 12) + (-1 - -15) + -7?
-50
Calculate (0 - 2 - (7 - 42)) + -411 + 417.
39
Calculate 54 - (-62 - -71) - 120.
-75
915 + -912 + (-105 - 1) + 1 - (3 - 13)
-92
What is -112 - (2608 - 2595 - (38 + -1))?
-88
What is the value of (-17 - (64 - 85)) + (-1 - 15) + 1 - -85?
74
Calculate (31 - 1) + (1973 - 1940) - (-13 - -1).
75
Evaluate (0 + 77 - -3) + (459 + -424 - (43 + -3)).
75
Evaluate -19 - ((5 - 51) + 55).
-28
What is the value of (278 - (58 - -94)) + -162?
-36
2 + -114 + 4 + (157 - (121 - -26))
-98
2 + (-1 - 6) + (793 - 769)
19
What is 11 + 5 - (11 - (-8 + 11)) - (4 + -35)?
39
Calculate (-48398 - -48413) + (-1 - (-29 + 1)).
42
What is the value of 1 - -101 - (-8424 - -8470)?
56
What is the value of -81 - (-8 + -7 + -3 + (17 - 2) + 1)?
-79
What is the value of 3 + (-8 - -8) - (7 + 20)?
-24
1 - 1 - 6 - (33 + -61 - -26)
-4
Evaluate 74 + (-39 - 24) + 0 + -7.
4
What is 30 - (-67 + 69 + -27)?
55
What is the value of (-4 + 21 - 25) + (46 - -23)?
61
Evaluate (-48 - -1) + 4 - (-486 - -499).
-56
(-40 - (2 + 19)) + 89
28
What is (-37 + 68 - -32) + -81?
-18
What is -117 + 7 + -143 + 174?
-79
28 - (43 + -7 - (-14 + -19))
-41
-2 - 4 - (-416 - -415)
-5
Calculate 9 - (-110 - -94 - (18 - 2)).
41
-47 + -1 - (62 - (-3 - -79))
-34
What is the value of -11 + 89 + -52 + (38 - -2)?
66
Evaluate -30 + (9405 - 9398) + -1 + 12 + 0.
-12
-36 - (-13 + -3 + 6 + (-7 - -9))
-28
Evaluate -49 + -12 + 14 - (-21 + (-12 - -24)).
-38
Evaluate 9 - (-26 - 4) - (-1 + -9).
49
Calculate (32 - 0) + 47 + -68 - -14.
25
What is the value of 21 + -47 - (14 - -10)?
-50
What is 25664 + -25719 - (-18 - (0 + 2 + -4))?
-39
What is the value of (8 - 3) + 14 + -22 - (-81 - (-1 - 1))?
76
-47 - (-4 - -14 - (95 + -62))
-24
What is the value of 96 + (-54 - 43) + 2 + 1?
2
Calculate (15 + 85 - 27) + (0 - -3 - 1 - 11).
64
Calculate (41 + -43 - -6) + -2.
2
Calculate 40 + (-16 + 29 + -6 - -7).
54
(27297 - 27293) + (0 - 1 - 83) + -1
-81
21 + (-8 - (-112 + 108 + 6 + (-4 - -3)))
12
Evaluate 167 + -198 + 5 + (43 - -15).
32
(-94 + 276 - 209) + (29 - -1)
3
What is 28 - ((-55 - -46) + 59)?
-22
Calculate -3 + 1 - (126 - (177 - 67)).
-18
-14 - (-53 + (11 - -17 - 24))
35
Evaluate (-1378 - -1373 - (-126 + 0)) + -35.
86
Calculate -101 + (-12 - -42) + 27.
-44
What is (25 + -9 - -22) + -10 + 16?
44
Evaluate 16 + 22 + -64 + -9 + 5.
-30
What is -58 + 30 + 35 + (12 - -16)?
35
Calculate 16 - (-25 - (-20 - (4 + -15 + -4))).
36
-59 + 2 - (-1 + -11) - ((-4 - -9) + -8)
-42
Evaluate 4552 + -4781 + 124 + -1.
-106
55 - ((-11 - (-13 + 11 + 2)) + -3 - -7)
62
Evaluate 134 + (-419 - -240) + (11 - 1).
-35
-43 + ((7 + -6 - 3) + -8 - -8) + 3
-42
Calculate -31 + 95 - 76 - (2 + -8 + -3).
-3
Calculate (525 - 526) + 6 + (3 + -7 - -20).
21
Evaluate 3 + -15 + -16 - (-3 - 76).
51
Calculate -1 + (10 - -2) - (169 - 32 - 168).
42
Calculate -65 + 0 + 11 + 37 + -12 + -28.
-57
What is the value of -8 - (26 - (18 + (-9 - -6) + -3))?
-22
Calculate 77 + -74 - ((1 - 50) + -23 + 24).
51
What is the value of 183 - 2 - (1992 + -1895)?
84
What is 26 + 3 - (94 - (191 - 85))?
41
What is the value of (124 - -53) + -171 - (1 + -26 - -1)?
30
Calculate -1 + 3 + (4 - (3 + -4)) + -3061 + 3122.
68
Evaluate (-12 - -8 - 10) + -759 + 798.
25
(60 - 18) + (67 - 84)
25
What is -39 + 0 - (-317 + -285 + 622)?
-59
What is the value of 28 + -49 + (-103 - 21)?
-145
Calculate -125 + 106 + (2 - (-34 - 0)) - -92.
109
-86 - (25 + -53 + -17)
-41
What is the value of 11 + -1 + (9 - (32 - 4) - -25)?
16
What is -27 + (4 + 2 - -1 - (16 + -8)) + -5?
-33
Evaluate 50 + (9 - 20) + -74 + -15.
-50
Evaluate -11 - (-11 - 3 - (8 - -3 - 30)).
-16
Calculate (-40 - (60 + (58 - 59))) + 8 + -1.
-92
Evaluate 18 + -13 + -3 + (-12 - -7).
-3
Calculate 4 - 2 - ((5 - 2) + -460 + 482).
-23
11 + 113 + (-26 - (-3 - -8))
93
What is the value of 5 + (22 - 19) + -27 + 19?
0
Calculate (261 + -236 - (-1 - 0)) + 3.
29
(-7 + 46 - 2) + (8 - -7 - 4)
48
Calculate (-622 - -615) + (1 + -4 - 1) + -1 + -2.
-14
26 + 1 + -6 + 6 - (-3